= 0. Suppose -2*c - 4 = -l*c. What is the greatest common divisor of f and c?
1
Let k = -5 - -10. Suppose -k*n - 10 = 0, -l + n = -2*n - 6. Suppose l = -2*t + 6*t - 32. Calculate the highest common divisor of 20 and t.
4
Let w be 1/((-6)/(-9) - 1). Let p = 4 + w. Let q be 2/(-1 + (2 - 0)). What is the highest common divisor of p and q?
1
Let c(p) be the first derivative of 105*p**2/2 + 2. Let w be c(1). Let m(y) = 2*y**2 + 4*y + 12. Let t be m(-5). What is the greatest common divisor of t and w?
21
Suppose 2*k - 10 = -a, -4*a - 41 = -5*k - 16. Let g be 247/k - (-2)/(-5). Let y = g + -32. What is the greatest common divisor of 102 and y?
17
Let t be ((-34)/(-10) - 3)*5. Suppose -4*q - 4*k + 440 = 0, 3*q - t*k - 340 = -0*q. What is the highest common divisor of 14 and q?
14
Let b be (2/2)/(-3 - -4). Let d be 3/(3/71) + b. Calculate the highest common divisor of 9 and d.
9
Suppose -37 = -3*q + 3*h - 10, 4*q = h + 27. Calculate the highest common factor of q and 66.
6
Suppose -364 = -4*q + 68. What is the greatest common divisor of q and 27?
27
Let m(v) = -v - 2. Let f be m(-4). Let o be (-73)/(-2) + f/(-4). What is the highest common factor of o and 4?
4
Let a be ((-36)/(-20))/(3/10). What is the greatest common divisor of 48 and a?
6
Let c(y) be the second derivative of y**3/2 - 3*y**2/2 - 3*y. Let f be c(9). What is the highest common divisor of 6 and f?
6
Let d = -2 - -3. Let q be -1*(1*-10)/d. What is the highest common factor of q and 25?
5
Let c = 54 - -313. Let u = -97 + c. Calculate the greatest common divisor of 30 and u.
30
Let r(b) = b**2 - 3. Let k be r(3). Let v = k + -13. Let s be (12/14)/((-1)/v). What is the highest common factor of s and 18?
6
Let a be 1995/10 + 1/2. Suppose 5*c - 3*c - a = 0. What is the highest common factor of 20 and c?
20
Suppose 0 = 8*n - 252 - 148. Calculate the greatest common divisor of n and 10.
10
Suppose -2*t - 2*c = -t + 6, -c = 2*t. Suppose 36 = 4*m - 3*a - a, -5*a = 0. Let u = m - t. What is the greatest common divisor of u and 14?
7
Let y(h) = -11*h - 4. Let q be y(6). Let x be ((-6)/(-4))/((-21)/q). Calculate the highest common divisor of 45 and x.
5
Let i(p) = -2*p - 9. Let j be i(-6). Suppose 0*f - 2*w - 43 = -j*f, -5*f = 4*w - 35. Suppose -29 = -3*x - f. What is the greatest common divisor of x and 6?
6
Let j be (33/(-6))/((-2)/(-4)). Let s(o) = -o**2 - 13*o + 11. Let w be s(j). What is the highest common factor of 22 and w?
11
Let j = -55 - -79. Calculate the highest common divisor of 36 and j.
12
Suppose 65 + 31 = 3*c. Let q = c - 18. Let o = 61 - -9. What is the greatest common factor of q and o?
14
Let h be (-4)/(-2)*(-66)/(-1). What is the greatest common divisor of h and 33?
33
Let c be (-5)/25 + 2/10. Suppose -12 = -x - c*y - 2*y, 2*x - 64 = 4*y. Calculate the highest common divisor of x and 55.
11
Let q(s) = s + 11. Let d be q(-4). Let x(c) = -c**3 - 2*c**2 - c - 3. Let j be x(-5). Calculate the greatest common factor of d and j.
7
Let p = -2 - -5. Calculate the highest common factor of p and 2.
1
Let p be (-87)/(-4) - (-2)/8. Let j be 0 - 99/(2 + -5). Calculate the greatest common factor of j and p.
11
Let p = -48 + 97. Let o = p + 9. Let a = -38 + o. What is the greatest common factor of a and 5?
5
Let h(r) = 7*r**2 - 10*r + 2. Let m(s) = -4*s**2 + 5*s - 1. Let y(b) = 3*h(b) + 5*m(b). Let d be y(8). What is the greatest common factor of d and 200?
25
Let d = 0 + -2. Let l be (-1 - 1)/d - 1. Let z = l + 5. What is the highest common divisor of 40 and z?
5
Suppose -3*a + 24 + 57 = 0. Calculate the greatest common divisor of 9 and a.
9
Let k = -6 + 12. Let b(t) = 16*t**3 - 1. Let l be b(1). Let a be 4/k - (-20)/l. Calculate the highest common divisor of 6 and a.
2
Suppose k = -3 - 2. Let i = -3 - k. Suppose -5*t - 3*z + 417 = -i*t, -422 = -3*t - 2*z. What is the highest common factor of 16 and t?
16
Suppose -3*s = 4*v - 21, 6*v - 4*v = -3*s + 3. Suppose 5*j - 24 = -2*t, -5*t + 0*j + 60 = -5*j. Let m = t - v. Calculate the greatest common factor of m and 33.
3
Let s(l) = -l**3 + 7*l**2 + 7*l - 1. Let n be s(8). Let q be n/(27/10)*-6. Let j be (8/(-10))/((-3)/30). What is the highest common factor of j and q?
4
Let g be 606/5 - (-9)/(-45). Calculate the highest common factor of g and 11.
11
Suppose -y = 4, 5*y - 602 = -3*f + y. Suppose 3*c + a - f = -3*a, -4*c - a = -266. What is the highest common divisor of c and 6?
6
Let x(y) = -2*y**3 - 7*y**2 - 5*y + 2. Let j be x(-4). What is the greatest common divisor of 95 and j?
19
Let r = 50 + -26. Let j be ((-2)/4)/((-1)/32). Calculate the highest common divisor of r and j.
8
Let w = -193 - -108. Let h(i) = i**3 + 4*i**2 - 3*i + 6. Let j be h(-7). Let c = w - j. What is the greatest common factor of 7 and c?
7
Let n(v) = -11*v + 1. Let w be n(-1). Let s be 104/w + 6/(-9). Calculate the greatest common factor of s and 72.
8
Let i(q) = 17*q**2 + 2*q + 1. Let n be -3 + 1*(-1 - -3). Let s be i(n). Calculate the highest common divisor of 40 and s.
8
Let w(n) = n**2 + 11*n + 2. Let r = 15 + -26. Let u be w(r). Calculate the greatest common factor of 10 and u.
2
Suppose -3*r + 28 = 1. Suppose 33 = 3*q + r. Calculate the greatest common factor of 8 and q.
8
Let o be 5*(2 - (-21)/(-15)). Suppose -2 - 4 = -4*q + 2*f, 2*q = o*f - 3. Suppose b - 4*b = -q. What is the highest common divisor of b and 5?
1
Let i = 1 - -1. Let n be (-1)/i - (-21)/6. Suppose n*p - 72 = -0*p. Calculate the highest common divisor of 16 and p.
8
Let c = 11 - 8. What is the greatest common factor of c and 27?
3
Let k(v) be the third derivative of v**5/60 + 2*v**3/3 - v**2. Let n = -7 + 3. Let x be k(n). What is the greatest common factor of x and 60?
20
Let f be 92 - (-3)/(-5 + 2). What is the highest common divisor of f and 13?
13
Let r(a) = -a**3 + 9*a**2 - 4*a + 4. Let w be r(8). Calculate the highest common divisor of 9 and w.
9
Let q(o) = -o - 3. Let p(g) = g + 2. Let i(f) = -3*p(f) - 2*q(f). Let r be i(-2). What is the greatest common factor of r and 6?
2
Let n = -84 + 87. Suppose 2*h = 6*h - 84. What is the highest common factor of h and n?
3
Let a(k) be the third derivative of k**5/60 - k**4/12 + 5*k**3/6 - k**2. Suppose 3*c - 10 = 5. Let y be a(c). What is the greatest common factor of 8 and y?
4
Suppose -h + 15 = 4*h. Let l(s) = s**3 - s**2 - 3. Let r be l(h). What is the highest common factor of 165 and r?
15
Let d = -21 + 72. Calculate the greatest common divisor of d and 3.
3
Let t = -10 - -44. Let j = 132 + -47. What is the highest common divisor of j and t?
17
Let n = 38 - -72. Let j be (1 - 3)*(-22)/(-2)*-1. Calculate the greatest common divisor of j and n.
22
Let i = -15 + 21. Let y = 1 - i. Let n = y + 7. What is the highest common divisor of n and 18?
2
Suppose 2*h + 20 = 4*h. Let k = -15 + 6. Let w be ((-6)/k)/((-1)/(-60)). What is the greatest common divisor of w and h?
10
Let o = 74 - -46. What is the greatest common divisor of 48 and o?
24
Let d = -4 - -3. Suppose -40 = l + 3*l. Let b be (2 - 1)*l/d. Calculate the highest common factor of 5 and b.
5
Suppose 1 = -x + 3. Suppose x*n - 306 = -2*n + 3*h, 0 = -5*n - 2*h + 371. Calculate the greatest common factor of n and 15.
15
Suppose -13 - 52 = -5*k. Let u = 123 + -58. What is the greatest common divisor of u and k?
13
Suppose f + 2*l - 3 = 7*l, -5*l - 19 = -3*f. Suppose 2*n + 4*k = 80, -5*k = -3*k. What is the greatest common divisor of n and f?
8
Let x be 33/1 - (2 - 4). What is the highest common factor of 7 and x?
7
Suppose -6 - 35 = -v. Suppose 3*x - v = -5*r, -2*x + 0*r + 4*r + 42 = 0. What is the greatest common divisor of x and 153?
17
Let d be -4*(2 - 34/8). Let h(i) = i**2 + i + 27. Let s be h(0). Calculate the highest common factor of s and d.
9
Let k be 1*-2 - (-10 - -2). Let r be -6*(-6)/9 + 50. Calculate the greatest common divisor of r and k.
6
Let b be 2 + 1/(-1) + 4. Suppose -3*d + 13 = l, -l + 40 = b*d - 3*l. Let q = d + -2. Calculate the greatest common divisor of q and 8.
4
Let s(f) = -f**3 - 7*f**2 + 7*f + 1. Let x be s(-8). Suppose u = -2*u + 108. Calculate the greatest common divisor of u and x.
9
Suppose 0*t - 5*t = -35. Let g = 46 - t. Calculate the highest common factor of g and 13.
13
Let v be 164 + (10/2 - 1). Calculate the greatest common factor of v and 28.
28
Suppose 6*p - 44